rue
Is 26839382183 composite?
False
Is 4440687473 composite?
True
Is 9252918169 composite?
True
Is 25136109791 a prime number?
False
Is 26934063749 composite?
False
Is 37836794873 a prime number?
True
Is 125515305273 prime?
False
Is 40007136697 composite?
True
Is 1649330051 prime?
False
Is 884372413 composite?
False
Is 20113551985 composite?
True
Is 169933619 composite?
True
Is 97069160849 a composite number?
False
Is 914715281 composite?
True
Is 1876511711 prime?
True
Is 112982447 composite?
True
Is 256869082202 prime?
False
Is 11379050897 composite?
False
Is 40346401253 prime?
False
Is 30899429107 a prime number?
False
Is 82691657 a prime number?
True
Is 210932662427 a prime number?
True
Is 813752977 a prime number?
True
Is 10127746721 prime?
False
Is 2353727587 composite?
True
Is 1338117917 a prime number?
True
Is 152698493 a composite number?
True
Is 802062281 prime?
True
Is 6595045397 composite?
False
Is 6917599961 prime?
False
Is 10121304409 composite?
True
Is 2925189039 a composite number?
True
Is 1597959673 a composite number?
False
Is 1411931093 prime?
True
Is 2892750649 a prime number?
True
Is 41474514289 composite?
True
Is 13113384467 prime?
True
Is 3240049573 prime?
True
Is 928413697 composite?
False
Is 586166267 a composite number?
False
Is 14414725643 a prime number?
False
Is 670834685 a composite number?
True
Is 170726999 a composite number?
True
Is 818660519 composite?
False
Is 3241519133 a prime number?
False
Is 1139073469 prime?
True
Is 25690439 composite?
False
Is 1793558131 a prime number?
False
Is 1307855051 a composite number?
True
Is 315532669 composite?
True
Is 58942383697 a prime number?
False
Is 69676121 a prime number?
True
Is 22815599389 prime?
False
Is 63524191 composite?
False
Is 2652933499 a composite number?
True
Is 1903436923 prime?
False
Is 1153733513 prime?
False
Is 4707018271 composite?
True
Is 3120065083 composite?
False
Is 161581236501 prime?
False
Is 558004871 composite?
False
Is 424162399 a prime number?
False
Is 10165154126 composite?
True
Is 35988801031 a prime number?
False
Is 17659874527 composite?
True
Is 63041707 a prime number?
False
Is 3657345767 prime?
False
Is 1300958539 a prime number?
True
Is 81473783 composite?
False
Is 844896467 a prime number?
False
Is 973848479 composite?
True
Is 37504126091 a prime number?
False
Is 771616411 a prime number?
True
Is 100290621901 a composite number?
True
Is 2025682249 a composite number?
False
Is 38250931469 a composite number?
True
Is 3155229233 composite?
True
Is 16625704547 prime?
True
Is 111919351 a composite number?
False
Is 999066707 prime?
True
Is 2156197787 a composite number?
False
Is 34929128303 prime?
True
Is 1101215671 a prime number?
False
Is 159136727 a composite number?
False
Is 447271827773 a composite number?
False
Is 7473694379 a composite number?
False
Is 136466669 composite?
False
Is 56272241 a composite number?
False
Is 1560675899 a prime number?
False
Is 127835623 composite?
False
Is 18880366147 composite?
False
Is 47196625457 composite?
False
Is 162565706873 prime?
False
Is 6853872037 prime?
True
Is 2547367 prime?
False
Is 408151253 composite?
True
Is 1134684449 prime?
True
Is 28828429067 prime?
False
Is 1787065081 a prime number?
True
Is 44335029 prime?
False
Is 29361768809 a prime number?
False
Is 1996339481 a composite number?
True
Is 70406491 a composite number?
False
Is 16436178509 composite?
False
Is 38439432653 a prime number?
True
Is 772227899 composite?
False
Is 2681095019 prime?
False
Is 855333517 a prime number?
True
Is 300891587 a prime number?
True
Is 4010071031 a prime number?
True
Is 11415203167 a prime number?
True
Is 3517595089 a composite number?
False
Is 1257767657 prime?
False
Is 215276723 a prime number?
True
Is 1459686281 a composite number?
False
Is 3649673921 composite?
False
Is 19056062153 a composite number?
True
Is 7072344467 a composite number?
True
Is 32466431 a composite number?
False
Is 683437967 prime?
True
Is 450432903 prime?
False
Is 3497298891 a composite number?
True
Is 2678321573 prime?
True
Is 763493957 a prime number?
False
Is 2667352507 a prime number?
False
Is 1952263099 prime?
False
Is 1140354619 a composite number?
False
Is 36741618993 prime?
False
Is 106429529 a composite number?
False
Is 4290151823 a prime number?
True
Is 34993822 prime?
False
Is 4500133283 prime?
True
Is 149085529 a composite number?
True
Is 99265734461 prime?
False
Is 7491356643 composite?
True
Is 12752699107 composite?
True
Is 180398561 a prime number?
False
Is 1605120991 a composite number?
True
Is 2999719077 composite?
True
Is 111009768829 composite?
False
Is 26280895583 a composite number?
True
Is 6226370567 composite?
False
Is 6369239 a composite number?
False
Is 2774230435 a composite number?
True
Is 88963184426 prime?
False
Is 1074785359 a composite number?
True
Is 13269706453 a composite number?
False
Is 288421123567 composite?
False
Is 5032082693 a composite number?
True
Is 9841223479 a prime number?
True
Is 18464539945 composite?
True
Is 3881099611 prime?
True
Is 944193067 a composite number?
False
Is 96295643 composite?
False
Is 78978126049 prime?
True
Is 138703066979 a prime number?
True
Is 7509271727 a prime number?
True
Is 2531584241 prime?
False
Is 432846287 prime?
True
Is 1340470214 prime?
False
Is 45219053 prime?
False
Is 3622970119 composite?
False
Is 40346709539 prime?
True
Is 24510223541 a composite number?
False
Is 3289166117 a composite number?
True
Is 1220697659 composite?
True
Is 7635475151 prime?
True
Is 9793205417 prime?
True
Is 77229638633 a composite number?
True
Is 682726978 composite?
True
Is 9172697207 composite?
False
Is 309831754 composite?
True
Is 51256893061 a composite number?
True
Is 4285693661 a prime number?
False
Is 2053208809 a prime number?
False
Is 2950001317 composite?
False
Is 856740161 a prime number?
True
Is 22447589147 a composite number?
False
Is 51487309 composite?
True
Is 230359113527 a prime number?
False
Is 1989526657 prime?
False
Is 1120994607 a composite number?
True
Is 33446370259 composite?
False
Is 1482197009 a composite number?
False
Is 45318241933 a prime number?
True
Is 291668875565 prime?
False
Is 2492297159 a composite number?
True
Is 31396757263 composite?
False
Is 265940167 a prime number?
False
Is 2805430853 a composite number?
False
Is 47860144049 a composite number?
False
Is 3076637961 a composite number?
True
Is 574425067 a composite number?
False
Is 26362337893 composite?
True
Is 6916889213 a prime number?
False
Is 459653081 a prime number?
True
Is 81720410753 a prime number?
True
Is 2151878899 a prime number?
True
Is 79762661701 prime?
True
Is 7429045427 a composite number?
False
Is 8541008167 composite?
True
Is 67987631 composite?
False
Is 5803074421 composite?
False
Is 638996681 a prime number?
False
Is 6866018839 composite?
False
Is 648728719 composite?
False
Is 5951128661 a prime number?
True
Is 2111320571 a prime number?
True
Is 5706378263 a composite number?
False
Is 2208333643 a prime number?
False
Is 1237043603 a prime number?
True
Is 854392501 composite?
False
Is 12792585317 prime?
True
Is 19242263 a composite number?
False
Is 26890652813 a prime number?
False
Is 1782922507 a composite number?
False
Is 67956976457 a prime number?
True
Is 7209897373 a composite number?
True
Is 1018170227 composite?
True
Is 1602795869 a prime number?
False
Is 18332325331 a composite number?
True
Is 116884964051 a prime number?
True
Is 4116031121 prime?
True
Is 132814067 a prime number?
False
Is 10688173373 a composite number?
True
Is 6152549411 composite?
False
Is 44822279 composite?
False
Is 53995828423 composite?
True
Is 20418686501 composite?
False
Is 38221511 composite?
True
Is 4381918313 a prime number?
True
Is 215785529 composite?
False
Is 2593951271 a prime number?
True
Is 156281491 a prime number?
True
Is 48425249993 a composite number?
False
Is 8432123659 a prime number?
False
Is 509194921 composite?
True
Is 2053389539 prime?
False
Is 1001584277 composite?
False
Is 13166622779 a prime number?
False
Is 11682005687 a composite number?
True
Is 2062573951 prime?
False
Is 6220192987 a prime number?
True
Is 13872837071 a prime number?
True
Is 47473538699 a prime number?
True
Is 13175902063 composite?
False
Is 8164363463 composite?
False
Is 95031369263 a